{"id":1482,"date":"2023-02-26T16:15:49","date_gmt":"2023-02-26T16:15:49","guid":{"rendered":"http:\/\/marcelavalle.com\/?post_type=product&#038;p=1482"},"modified":"2023-09-02T00:30:06","modified_gmt":"2023-09-02T00:30:06","slug":"fina-estampa-2","status":"publish","type":"product","link":"https:\/\/marcelavalle.com\/?product=fina-estampa-2&lang=es","title":{"rendered":"Fina Estampa"},"content":{"rendered":"<p>La majestuosidad del vals peruano nuevamente entra en este disco de mis canciones favoritas que el mismo sello de Chabuca Granda tan se\u00f1orial como su amada Lima a la que solo nos queda interpretar de la mejor manera posible tan sublime sentimiento y expresi\u00f3n folkl\u00f3rica. Mi versi\u00f3n ya ha sido aceptada por mis seguidores, una linda oportunidad que tengo para demostrar mi cari\u00f1o y admiraci\u00f3n por la m\u00fasica del Per\u00fa.<\/p>\n","protected":false},"excerpt":{"rendered":"<p>Nunca terminaremos de admirar la obra de Chabuca Granda como en este caso con el vals Fina Estampa. Como magistralmente lo describe \u00abCaballero de fina estampa\u00bb es la leyenda del se\u00f1or\u00edo caracter\u00edstico de esta tierra y su gente. Es para m\u00ed un honor dedicar este hermoso vals a nuestros queridos hermanos peruanos y a esta tierra que respetamos y admiramos.<\/p>\n[audio mp3=\"https:\/\/marcelavalle.com\/wp-content\/uploads\/2023\/02\/Fina-estampa-muestra.mp3\"][\/audio]\n<p>&nbsp;<\/p>\n<p><a href=\"https:\/\/open.spotify.com\/track\/61roq4OaQVADf37IDsKuW7?si=vKVhdAgKRgWNzkpVeHxxag\"><img decoding=\"async\" class=\"alignnone wp-image-2301\" src=\"https:\/\/marcelavalle.com\/wp-content\/uploads\/2023\/03\/spotify-300x90.png\" alt=\"\" width=\"197\" height=\"59\" srcset=\"https:\/\/marcelavalle.com\/wp-content\/uploads\/2023\/03\/spotify-300x90.png 300w, https:\/\/marcelavalle.com\/wp-content\/uploads\/2023\/03\/spotify-1024x308.png 1024w, https:\/\/marcelavalle.com\/wp-content\/uploads\/2023\/03\/spotify-768x231.png 768w, https:\/\/marcelavalle.com\/wp-content\/uploads\/2023\/03\/spotify-600x181.png 600w, https:\/\/marcelavalle.com\/wp-content\/uploads\/2023\/03\/spotify.png 1200w\" sizes=\"(max-width: 197px) 100vw, 197px\" \/><\/a><\/p>\n<p>https:\/\/open.spotify.com\/track\/61roq4OaQVADf37IDsKuW7?si=vKVhdAgKRgWNzkpVeHxxag<\/p>\n","protected":false},"featured_media":1106,"comment_status":"open","ping_status":"closed","template":"","meta":{"site-sidebar-layout":"default","site-content-layout":"default","ast-site-content-layout":"default","site-content-style":"default","site-sidebar-style":"default","ast-global-header-display":"","ast-banner-title-visibility":"","ast-main-header-display":"","ast-hfb-above-header-display":"","ast-hfb-below-header-display":"","ast-hfb-mobile-header-display":"","site-post-title":"","ast-breadcrumbs-content":"","ast-featured-img":"","footer-sml-layout":"","ast-disable-related-posts":"","theme-transparent-header-meta":"default","adv-header-id-meta":"","stick-header-meta":"","header-above-stick-meta":"","header-main-stick-meta":"","header-below-stick-meta":"","astra-migrate-meta-layouts":"set","ast-page-background-enabled":"default","ast-page-background-meta":{"desktop":{"background-color":"","background-image":"","background-repeat":"repeat","background-position":"center center","background-size":"auto","background-attachment":"scroll","background-type":"","background-media":"","overlay-type":"","overlay-color":"","overlay-opacity":"","overlay-gradient":""},"tablet":{"background-color":"","background-image":"","background-repeat":"repeat","background-position":"center center","background-size":"auto","background-attachment":"scroll","background-type":"","background-media":"","overlay-type":"","overlay-color":"","overlay-opacity":"","overlay-gradient":""},"mobile":{"background-color":"","background-image":"","background-repeat":"repeat","background-position":"center center","background-size":"auto","background-attachment":"scroll","background-type":"","background-media":"","overlay-type":"","overlay-color":"","overlay-opacity":"","overlay-gradient":""}},"ast-content-background-meta":{"desktop":{"background-color":"var(--ast-global-color-5)","background-image":"","background-repeat":"repeat","background-position":"center center","background-size":"auto","background-attachment":"scroll","background-type":"","background-media":"","overlay-type":"","overlay-color":"","overlay-opacity":"","overlay-gradient":""},"tablet":{"background-color":"var(--ast-global-color-5)","background-image":"","background-repeat":"repeat","background-position":"center center","background-size":"auto","background-attachment":"scroll","background-type":"","background-media":"","overlay-type":"","overlay-color":"","overlay-opacity":"","overlay-gradient":""},"mobile":{"background-color":"var(--ast-global-color-5)","background-image":"","background-repeat":"repeat","background-position":"center center","background-size":"auto","background-attachment":"scroll","background-type":"","background-media":"","overlay-type":"","overlay-color":"","overlay-opacity":"","overlay-gradient":""}}},"product_brand":[],"product_cat":[59],"product_tag":[],"class_list":{"0":"post-1482","1":"product","2":"type-product","3":"status-publish","4":"has-post-thumbnail","6":"product_cat-folclor-es-2","7":"desktop-align-left","8":"tablet-align-left","9":"mobile-align-left","11":"first","12":"instock","13":"shipping-taxable","14":"product-type-simple"},"yoast_head":"<!-- This site is optimized with the Yoast SEO plugin v27.4 - https:\/\/yoast.com\/product\/yoast-seo-wordpress\/ -->\n<title>Fina Estampa - Marcela Valle Entertainment<\/title>\n<meta name=\"description\" content=\"Fina estampa de la tradici\u00f3n galante peruana y lime\u00f1a con la elegancia y prestancia de la Sra. Chabuca Granda con ramos de geranios.\" \/>\n<meta name=\"robots\" content=\"index, follow, max-snippet:-1, max-image-preview:large, max-video-preview:-1\" \/>\n<link rel=\"canonical\" href=\"https:\/\/marcelavalle.com\/?product=fina-estampa-2&lang=es\" \/>\n<meta property=\"og:locale\" content=\"es_ES\" \/>\n<meta property=\"og:type\" content=\"article\" \/>\n<meta property=\"og:title\" content=\"Fina Estampa - Marcela Valle Entertainment\" \/>\n<meta property=\"og:description\" content=\"Fina estampa de la tradici\u00f3n galante peruana y lime\u00f1a con la elegancia y prestancia de la Sra. Chabuca Granda con ramos de geranios.\" \/>\n<meta property=\"og:url\" content=\"https:\/\/marcelavalle.com\/?product=fina-estampa-2&amp;lang=es\" \/>\n<meta property=\"og:site_name\" content=\"Marcela Valle Entertainment\" \/>\n<meta property=\"article:modified_time\" content=\"2023-09-02T00:30:06+00:00\" \/>\n<meta property=\"og:image\" content=\"https:\/\/marcelavalle.com\/wp-content\/uploads\/2023\/02\/mini-001.webp\" \/>\n\t<meta property=\"og:image:width\" content=\"800\" \/>\n\t<meta property=\"og:image:height\" content=\"800\" \/>\n\t<meta property=\"og:image:type\" content=\"image\/webp\" \/>\n<meta name=\"twitter:card\" content=\"summary_large_image\" \/>\n<meta name=\"twitter:label1\" content=\"Tiempo de lectura\" \/>\n\t<meta name=\"twitter:data1\" content=\"1 minuto\" \/>\n<script type=\"application\/ld+json\" class=\"yoast-schema-graph\">{\"@context\":\"https:\\\/\\\/schema.org\",\"@graph\":[{\"@type\":\"WebPage\",\"@id\":\"https:\\\/\\\/marcelavalle.com\\\/?product=fina-estampa-2&lang=es\",\"url\":\"https:\\\/\\\/marcelavalle.com\\\/?product=fina-estampa-2&lang=es\",\"name\":\"Fina Estampa - Marcela Valle Entertainment\",\"isPartOf\":{\"@id\":\"https:\\\/\\\/marcelavalle.com\\\/#website\"},\"primaryImageOfPage\":{\"@id\":\"https:\\\/\\\/marcelavalle.com\\\/?product=fina-estampa-2&lang=es#primaryimage\"},\"image\":{\"@id\":\"https:\\\/\\\/marcelavalle.com\\\/?product=fina-estampa-2&lang=es#primaryimage\"},\"thumbnailUrl\":\"https:\\\/\\\/marcelavalle.com\\\/wp-content\\\/uploads\\\/2023\\\/02\\\/mini-001.webp\",\"datePublished\":\"2023-02-26T16:15:49+00:00\",\"dateModified\":\"2023-09-02T00:30:06+00:00\",\"description\":\"Fina estampa de la tradici\u00f3n galante peruana y lime\u00f1a con la elegancia y prestancia de la Sra. Chabuca Granda con ramos de geranios.\",\"breadcrumb\":{\"@id\":\"https:\\\/\\\/marcelavalle.com\\\/?product=fina-estampa-2&lang=es#breadcrumb\"},\"inLanguage\":\"es\",\"potentialAction\":[{\"@type\":\"ReadAction\",\"target\":[\"https:\\\/\\\/marcelavalle.com\\\/?product=fina-estampa-2&lang=es\"]}]},{\"@type\":\"ImageObject\",\"inLanguage\":\"es\",\"@id\":\"https:\\\/\\\/marcelavalle.com\\\/?product=fina-estampa-2&lang=es#primaryimage\",\"url\":\"https:\\\/\\\/marcelavalle.com\\\/wp-content\\\/uploads\\\/2023\\\/02\\\/mini-001.webp\",\"contentUrl\":\"https:\\\/\\\/marcelavalle.com\\\/wp-content\\\/uploads\\\/2023\\\/02\\\/mini-001.webp\",\"width\":800,\"height\":800},{\"@type\":\"BreadcrumbList\",\"@id\":\"https:\\\/\\\/marcelavalle.com\\\/?product=fina-estampa-2&lang=es#breadcrumb\",\"itemListElement\":[{\"@type\":\"ListItem\",\"position\":1,\"name\":\"Portada\",\"item\":\"https:\\\/\\\/marcelavalle.com\\\/\"},{\"@type\":\"ListItem\",\"position\":2,\"name\":\"Tienda\",\"item\":\"https:\\\/\\\/marcelavalle.com\\\/?page_id=1099\"},{\"@type\":\"ListItem\",\"position\":3,\"name\":\"Fina Estampa\"}]},{\"@type\":\"WebSite\",\"@id\":\"https:\\\/\\\/marcelavalle.com\\\/#website\",\"url\":\"https:\\\/\\\/marcelavalle.com\\\/\",\"name\":\"Marcela Valle Entertainment\",\"description\":\"Banquetes y M&uacute;sica en vivo\",\"potentialAction\":[{\"@type\":\"SearchAction\",\"target\":{\"@type\":\"EntryPoint\",\"urlTemplate\":\"https:\\\/\\\/marcelavalle.com\\\/?s={search_term_string}\"},\"query-input\":{\"@type\":\"PropertyValueSpecification\",\"valueRequired\":true,\"valueName\":\"search_term_string\"}}],\"inLanguage\":\"es\"}]}<\/script>\n<!-- \/ Yoast SEO plugin. -->","yoast_head_json":{"title":"Fina Estampa - Marcela Valle Entertainment","description":"Fina estampa de la tradici\u00f3n galante peruana y lime\u00f1a con la elegancia y prestancia de la Sra. Chabuca Granda con ramos de geranios.","robots":{"index":"index","follow":"follow","max-snippet":"max-snippet:-1","max-image-preview":"max-image-preview:large","max-video-preview":"max-video-preview:-1"},"canonical":"https:\/\/marcelavalle.com\/?product=fina-estampa-2&lang=es","og_locale":"es_ES","og_type":"article","og_title":"Fina Estampa - Marcela Valle Entertainment","og_description":"Fina estampa de la tradici\u00f3n galante peruana y lime\u00f1a con la elegancia y prestancia de la Sra. Chabuca Granda con ramos de geranios.","og_url":"https:\/\/marcelavalle.com\/?product=fina-estampa-2&lang=es","og_site_name":"Marcela Valle Entertainment","article_modified_time":"2023-09-02T00:30:06+00:00","og_image":[{"width":800,"height":800,"url":"https:\/\/marcelavalle.com\/wp-content\/uploads\/2023\/02\/mini-001.webp","type":"image\/webp"}],"twitter_card":"summary_large_image","twitter_misc":{"Tiempo de lectura":"1 minuto"},"schema":{"@context":"https:\/\/schema.org","@graph":[{"@type":"WebPage","@id":"https:\/\/marcelavalle.com\/?product=fina-estampa-2&lang=es","url":"https:\/\/marcelavalle.com\/?product=fina-estampa-2&lang=es","name":"Fina Estampa - Marcela Valle Entertainment","isPartOf":{"@id":"https:\/\/marcelavalle.com\/#website"},"primaryImageOfPage":{"@id":"https:\/\/marcelavalle.com\/?product=fina-estampa-2&lang=es#primaryimage"},"image":{"@id":"https:\/\/marcelavalle.com\/?product=fina-estampa-2&lang=es#primaryimage"},"thumbnailUrl":"https:\/\/marcelavalle.com\/wp-content\/uploads\/2023\/02\/mini-001.webp","datePublished":"2023-02-26T16:15:49+00:00","dateModified":"2023-09-02T00:30:06+00:00","description":"Fina estampa de la tradici\u00f3n galante peruana y lime\u00f1a con la elegancia y prestancia de la Sra. Chabuca Granda con ramos de geranios.","breadcrumb":{"@id":"https:\/\/marcelavalle.com\/?product=fina-estampa-2&lang=es#breadcrumb"},"inLanguage":"es","potentialAction":[{"@type":"ReadAction","target":["https:\/\/marcelavalle.com\/?product=fina-estampa-2&lang=es"]}]},{"@type":"ImageObject","inLanguage":"es","@id":"https:\/\/marcelavalle.com\/?product=fina-estampa-2&lang=es#primaryimage","url":"https:\/\/marcelavalle.com\/wp-content\/uploads\/2023\/02\/mini-001.webp","contentUrl":"https:\/\/marcelavalle.com\/wp-content\/uploads\/2023\/02\/mini-001.webp","width":800,"height":800},{"@type":"BreadcrumbList","@id":"https:\/\/marcelavalle.com\/?product=fina-estampa-2&lang=es#breadcrumb","itemListElement":[{"@type":"ListItem","position":1,"name":"Portada","item":"https:\/\/marcelavalle.com\/"},{"@type":"ListItem","position":2,"name":"Tienda","item":"https:\/\/marcelavalle.com\/?page_id=1099"},{"@type":"ListItem","position":3,"name":"Fina Estampa"}]},{"@type":"WebSite","@id":"https:\/\/marcelavalle.com\/#website","url":"https:\/\/marcelavalle.com\/","name":"Marcela Valle Entertainment","description":"Banquetes y M&uacute;sica en vivo","potentialAction":[{"@type":"SearchAction","target":{"@type":"EntryPoint","urlTemplate":"https:\/\/marcelavalle.com\/?s={search_term_string}"},"query-input":{"@type":"PropertyValueSpecification","valueRequired":true,"valueName":"search_term_string"}}],"inLanguage":"es"}]}},"_links":{"self":[{"href":"https:\/\/marcelavalle.com\/index.php?rest_route=\/wp\/v2\/product\/1482","targetHints":{"allow":["GET"]}}],"collection":[{"href":"https:\/\/marcelavalle.com\/index.php?rest_route=\/wp\/v2\/product"}],"about":[{"href":"https:\/\/marcelavalle.com\/index.php?rest_route=\/wp\/v2\/types\/product"}],"replies":[{"embeddable":true,"href":"https:\/\/marcelavalle.com\/index.php?rest_route=%2Fwp%2Fv2%2Fcomments&post=1482"}],"wp:featuredmedia":[{"embeddable":true,"href":"https:\/\/marcelavalle.com\/index.php?rest_route=\/wp\/v2\/media\/1106"}],"wp:attachment":[{"href":"https:\/\/marcelavalle.com\/index.php?rest_route=%2Fwp%2Fv2%2Fmedia&parent=1482"}],"wp:term":[{"taxonomy":"product_brand","embeddable":true,"href":"https:\/\/marcelavalle.com\/index.php?rest_route=%2Fwp%2Fv2%2Fproduct_brand&post=1482"},{"taxonomy":"product_cat","embeddable":true,"href":"https:\/\/marcelavalle.com\/index.php?rest_route=%2Fwp%2Fv2%2Fproduct_cat&post=1482"},{"taxonomy":"product_tag","embeddable":true,"href":"https:\/\/marcelavalle.com\/index.php?rest_route=%2Fwp%2Fv2%2Fproduct_tag&post=1482"}],"curies":[{"name":"wp","href":"https:\/\/api.w.org\/{rel}","templated":true}]}}